+ -1787?
-178a
In base 14, what is -4 - -6c4?
6c0
In base 11, what is 2a70 + 5?
2a75
In base 13, what is -2 + 20c?
20a
In base 12, what is 7 + -78?
-71
In base 14, what is -2 + -366?
-368
In base 5, what is 231 + -1024?
-243
In base 16, what is 2 - 66?
-64
In base 4, what is -310312 - -1?
-310311
In base 6, what is -5 + 25104?
25055
In base 5, what is 2 + 1442?
1444
In base 2, what is -100 - 110?
-1010
In base 2, what is -11 - -1101111100?
1101111001
In base 11, what is -16a + -36?
-1a5
In base 2, what is 1011100101 - 0?
1011100101
In base 8, what is -140 + -5?
-145
In base 3, what is -1021102 - 100?
-1021202
In base 16, what is 2f - 3?
2c
In base 10, what is -4 + 90?
86
In base 5, what is 14 + -344?
-330
In base 5, what is -14 + -13?
-32
In base 3, what is -1102200 + 2?
-1102121
In base 11, what is 38 + -628?
-5a0
In base 4, what is 333 + 1321?
2320
In base 12, what is 5bb0 + -1?
5bab
In base 5, what is 33 - -101?
134
In base 16, what is -ede + -2?
-ee0
In base 13, what is -3 - 8?
-b
In base 16, what is -3 + -112?
-115
In base 9, what is -3 + -206?
-210
In base 13, what is -1a0 + -2?
-1a2
In base 10, what is 9 - 112?
-103
In base 15, what is 1b - -a5?
c1
In base 3, what is -10 + -2211?
-2221
In base 4, what is 10 + -112120?
-112110
In base 3, what is 11 + 1211110?
1211121
In base 7, what is 460 - -3?
463
In base 12, what is -13 - -12?
-1
In base 9, what is 1527 + 15?
1543
In base 7, what is 0 - -23?
23
In base 9, what is -5 - -1575?
1570
In base 9, what is 220 + 0?
220
In base 11, what is 154 - 62?
a2
In base 9, what is -6 - -18?
12
In base 6, what is 31 - -1?
32
In base 12, what is -1864 - 2?
-1866
In base 7, what is 310 - -1?
311
In base 8, what is -2 - 121?
-123
In base 14, what is 4 - 256?
-252
In base 11, what is -21a + 0?
-21a
In base 8, what is -5 - -742?
735
In base 11, what is -5 + -20?
-25
In base 14, what is 32 - b?
25
In base 5, what is 10 + 130?
140
In base 5, what is 132 - 211?
-24
In base 2, what is 11100010111010 - -101?
11100010111111
In base 12, what is 1b1 + 5?
1b6
In base 16, what is -9 - -17?
e
In base 2, what is -10 - -1110?
1100
In base 13, what is -3a0 - -8?
-395
In base 3, what is 1110121 + -12?
1110102
In base 15, what is 18 + 4?
1c
In base 10, what is -14 + -32?
-46
In base 6, what is 2 - -1240?
1242
In base 14, what is -3 - 3d?
-42
In base 2, what is 0 - 100010010?
-100010010
In base 14, what is 5 + -a2?
-9b
In base 2, what is 1 + -101100?
-101011
In base 7, what is 2 - 114?
-112
In base 5, what is 2430 - 4?
2421
In base 11, what is 60 + 1?
61
In base 12, what is -664 + 2?
-662
In base 5, what is 2 - 3041?
-3034
In base 5, what is 111 - -3?
114
In base 8, what is 3 + -232?
-227
In base 10, what is -566 + -4?
-570
In base 7, what is 133 - -64?
230
In base 3, what is -11 + -1122012?
-1122100
In base 2, what is -101 + 11011?
10110
In base 12, what is 67a - 5?
675
In base 10, what is -5 - 4566?
-4571
In base 5, what is 1042 - 11?
1031
In base 8, what is -5 + -561?
-566
In base 11, what is -6a4 + -1?
-6a5
In base 9, what is -2051 + 1?
-2050
In base 5, what is 1 + -10134?
-10133
In base 2, what is 111 + -10011000?
-10010001
In base 15, what is 16 + -1bd?
-1a7
In base 15, what is 199 - 0?
199
In base 2, what is -11 + 111010?
110111
In base 3, what is 1 - 21?
-20
In base 3, what is -12 - -11011?
10222
In base 16, what is -4df + -f?
-4ee
In base 2, what is -110 + 11011?
10101
In base 9, what is -8 - -5?
-3
In base 6, what is 1142 + 5?
1151
In base 9, what is 2 - -160?
162
In base 4, what is 10203 - 101?
10102
In base 3, what is 21 - 121002?
-120211
In base 4, what is 203 + 1100?
1303
In base 11, what is -16 - -337?
321
In base 12, what is 18 - -7?
23
In base 2, what is 11 + -10100?
-10001
In base 4, what is -103103 + -3?
-103112
In base 12, what is -4 - -173?
16b
In base 15, what is -4 + ee6?
ee2
In base 13, what is 1 - -bb?
bc
In base 12, what is 379 + 1b?
398
In base 15, what is 3 + 4b8?
4bb
In base 13, what is 2665 - 5?
2660
In base 12, what is -27 - 17?
-42
In base 10, what is -87 + -25?
-112
In base 2, what is -100010 - 1110110?
-10011000
In base 13, what is -131 + -1?
-132
In base 6, what is -5 + -1230?
-1235
In base 4, what is 101201 - 1?
101200
In base 10, what is 380 + 0?
380
In base 4, what is -3 + 203120?
203111
In base 7, what is 30 - 4?
23
In base 4, what is 1 + -100?
-33
In base 14, what is 3 + -c40?
-c3b
In base 6, what is 30 + -24?
2
In base 8, what is 5 - -5401?
5406
In base 13, what is -4 - 82?
-86
In base 4, what is 2230 - -13?
2303
In base 16, what is 576 + 8?
57e
In base 4, what is -30103 + -3?
-30112
In base 12, what is 744 + -2?
742
In base 12, what is 210 + 5?
215
In base 4, what is -1 - 323030?
-323031
In base 7, what is -4466 - 15?
-4514
In base 12, what is -772 + -2?
-774
In base 8, what is 2 - 156?
-154
In base 13, what is -33 - -4?
-2c
In base 7, what is 3121 - -4?
3125
In base 10, what is -1 + -18?
-19
In base 6, what is -3 + 4132?
4125
In base 8, what is 4634 - -6?
4642
In base 4, what is 222 + -3?
213
In base 6, what is 1100 - 10?
1050
In base 14, what is -4 + 8a?
86
In base 13, what is -26 + 13a?
114
In base 16, what is -59 + a?
-4f
In base 14, what is -3975 + 1?
-3974
In base 12, what is 6 - 27a0?
-2796
In base 13, what is 3 - -37?
3a
In base 16, what is -bbe - -3?
-bbb
In base 2, what is 10 - -1100101100?
1100101110
In base 11, what is 13a + -2?
138
In base 7, what is -1 + -123?
-124
In base 2, what is 10000101 + 1010011?
11011000
In base 15, what is -9d + d?
-90
In base 13, what is -12b7 - 0?
-12b7
In base 7, what is -5256 - 2?
-5261
In base 8, what is 33 + -62?
-27
In base 14, what is 55 - -2?
57
In base 9, what is -175 - -10?
-165
In base 11, what is 410 - -2?
412
In base 12, what is -b + -30?
-3b
In base 14, what is 11 - -60?
71
In base 8, what is -31 + 3?
-26
In base 13, what is -26 + 37?
11
In base 5, what is -12 + -412?
-424
In base 13, what is 2 - 239?
-237
In base 2, what is 1001001100 + 101111?
1001111011
In base 12, what is -7 - -3a?
33
In base 16, what is -1 + 2b7?
2b6
In base 7, what is -455453 - 1?
-455454
In base 12, what is -794 + 1?
-793
In base 13, what is -13 - -16?
3
In base 6, what is -5 - -13?
4
In base 15, what is -3 - -13d?
13a
In base 2, what is 1 - -101101?
101110
In base 3, what is -12 - -1212022?
1212010
In base 9, what is 43 - -22?
65
In base 15, what is 32 + -13?
1e
In base 6, what is -1353 - 0?
-1353
In base 11, what is 0 - 3036?
-3036
In base 12, what is a - -13?
21
In base 16, what is 4e - 0?
4e
In base 9, what is 0 + 1485?
1485
In base 3, what is -211 + 1220?
1002
In base 14, what is 3b74 - 0?
3b74
In base 5, what is -4 - 11043?
-11102
In base 7, what is -5 - 25?
-33
In base 11, what is 444 + -12?
432
In base 6, what is -2 + 345?
343
In base 8, what is -1521 + -2?
-1523
In base 8, what is -2 - 623?
-625
In base 7, what is -1 - -11600?
11566
In base 2, what is -1011 + 10101?
1010
In base 5, what is -222 - 202?
-424
In base 11, what is -99a3 + -2?
-99a5
In base 14, what is -6 - 561?
-567
In base 10, what is 33 + 11?
44
In base 4, what is 211 - 2?
203
In base 15, what is 0 - -57?
57
In base 2, what is -11010 + 101?
-10101
In base 14, what is -30 - -3d?
d
In base 16, what is 13 + -c?
7
In base 15, what is 3 + b03?
b06
In base 11, what is -132 + 8?
-125
In base 6, what is -45 - -251?
202
In base 10, what is 2245 - 0?
2245
In base 2, what is 101 + 11100?
100001
In base 4, what is 32 - -200310?
201002
In base 5, what is 30 + -1123?
-1043
In base 14, what is 5 + 10?
15
In base 9, what is -4 + 126?
122
In base 4, what is -10 - 21130?
-21200
In base 10, what is -145 + -2?
-147
In base 2, what is 1010011101011 + 10?
1010011101101
In base 5, what is -2 + 244?
242
In base 14, what is 3 + 21?
24
In base 13, what is 9 + -4?
5
In base 5, what is 224 - 2010?
-1231
In base 11, what is 40 - -3a?
7a
In base 5, what is -4 - -11?
2
In base 14, what is -6 + -7c?
-84
In base 9, what is 1 + 311?
312
In base 6, what is 3 + -305?
-302
In base 16, what is -9 + 50?
47
In base 12, what is -22 + 2?
-20
In base 15, what is -17 + -3?
-1a
In base 9, what is -427 + 0?
-427
In base 2, what is 110100010 + 10?
110100100
In base 5, what is -31 + 1?
-30
In base 12, what is 1a - 8?
12
In base 4, what is -1 - 320023?
-320030
In base 5, what is -3 + -2323?
-2331
In base 13, what is -4 + 68?
64